vided by 17923.
4487
Calculate the remainder when 215849 is divided by 19227.
4352
What is the remainder when 146428532 is divided by 11218?
11196
What is the remainder when 264008 is divided by 125?
8
Calculate the remainder when 1765799 is divided by 869.
860
What is the remainder when 166129 is divided by 29?
17
Calculate the remainder when 245244161 is divided by 3495.
11
What is the remainder when 16068 is divided by 404?
312
What is the remainder when 972108 is divided by 4142?
2880
What is the remainder when 589932 is divided by 1833?
1539
What is the remainder when 1365874118 is divided by 5240?
5238
Calculate the remainder when 25041671 is divided by 9.
8
What is the remainder when 737980 is divided by 534?
526
Calculate the remainder when 138731 is divided by 453.
113
What is the remainder when 25224997 is divided by 10?
7
Calculate the remainder when 277175 is divided by 210.
185
Calculate the remainder when 160052 is divided by 79919.
214
What is the remainder when 40121742 is divided by 19?
12
What is the remainder when 190731 is divided by 13572?
723
Calculate the remainder when 111574 is divided by 55325.
924
What is the remainder when 263817 is divided by 1000?
817
What is the remainder when 28808600 is divided by 28808589?
11
Calculate the remainder when 2298555 is divided by 1328.
1115
Calculate the remainder when 4264543 is divided by 3718.
3715
What is the remainder when 3249325 is divided by 238?
149
What is the remainder when 73734 is divided by 121?
45
Calculate the remainder when 23553 is divided by 3886.
237
Calculate the remainder when 13324 is divided by 5663.
1998
What is the remainder when 397515 is divided by 68?
55
What is the remainder when 1644505 is divided by 43?
13
Calculate the remainder when 11335 is divided by 10894.
441
Calculate the remainder when 104405 is divided by 1774.
1513
What is the remainder when 24635228 is divided by 252?
212
What is the remainder when 917377 is divided by 182?
97
Calculate the remainder when 634227016 is divided by 211409005.
1
What is the remainder when 347218 is divided by 1670?
1528
Calculate the remainder when 285917982 is divided by 3735.
3732
Calculate the remainder when 187147 is divided by 4055.
617
Calculate the remainder when 15019 is divided by 447.
268
What is the remainder when 444077 is divided by 5930?
5257
What is the remainder when 2017379 is divided by 511?
462
What is the remainder when 469584 is divided by 30?
24
Calculate the remainder when 147743 is divided by 73789.
165
What is the remainder when 68721181 is divided by 4008?
13
Calculate the remainder when 16137094 is divided by 82.
68
Calculate the remainder when 81606306 is divided by 93478.
12
Calculate the remainder when 4440465 is divided by 2513.
2507
What is the remainder when 222247 is divided by 1218?
571
What is the remainder when 4106960 is divided by 1866?
1760
What is the remainder when 245783 is divided by 11608?
2015
What is the remainder when 1134485 is divided by 2620?
25
Calculate the remainder when 173417603 is divided by 644.
639
Calculate the remainder when 97512831 is divided by 1828.
1827
What is the remainder when 1506809 is divided by 319?
172
What is the remainder when 7687141 is divided by 1281169?
127
Calculate the remainder when 49246 is divided by 24494.
258
Calculate the remainder when 141893 is divided by 46.
29
Calculate the remainder when 4784590 is divided by 201.
187
What is the remainder when 897848 is divided by 179?
163
What is the remainder when 2086804 is divided by 104340?
4
What is the remainder when 176936 is divided by 343?
291
Calculate the remainder when 1895204 is divided by 631734.
2
What is the remainder when 10797 is divided by 8989?
1808
Calculate the remainder when 4454195 is divided by 2103.
41
Calculate the remainder when 17174048 is divided by 463.
452
What is the remainder when 97262 is divided by 2235?
1157
Calculate the remainder when 190359 is divided by 2.
1
Calculate the remainder when 24574952 is divided by 64.
40
Calculate the remainder when 615184 is divided by 134.
124
What is the remainder when 1012798 is divided by 2658?
100
What is the remainder when 57689 is divided by 8215?
184
Calculate the remainder when 80469011 is divided by 132133.
14
What is the remainder when 693981 is divided by 231282?
135
What is the remainder when 96377275 is divided by 6?
1
Calculate the remainder when 266544813 is divided by 761.
758
Calculate the remainder when 6316287 is divided by 119.
5
Calculate the remainder when 10681263 is divided by 712084.
3
What is the remainder when 4897734 is divided by 1599?
1596
What is the remainder when 4947284 is divided by 1501?
1489
What is the remainder when 257938 is divided by 44?
10
Calculate the remainder when 9708240 is divided by 30.
0
What is the remainder when 466211 is divided by 4?
3
What is the remainder when 15105381 is divided by 126?
123
What is the remainder when 2395242 is divided by 21?
3
What is the remainder when 746847 is divided by 18?
9
Calculate the remainder when 4503622 is divided by 9727.
21
What is the remainder when 56414263 is divided by 155?
153
Calculate the remainder when 203258 is divided by 202217.
1041
Calculate the remainder when 170966 is divided by 1999.
1051
Calculate the remainder when 50089797 is divided by 1860.
1857
Calculate the remainder when 2523469 is divided by 18692.
49
What is the remainder when 10636243 is divided by 73?
70
What is the remainder when 10350219 is divided by 2070040?
19
What is the remainder when 1240515 is divided by 25844?
3
What is the remainder when 451251 is divided by 225398?
455
Calculate the remainder when 102107 is divided by 101514.
593
Calculate the remainder when 1213181 is divided by 110.
101
What is the remainder when 242575 is divided by 20210?
55
Calculate the remainder when 2669164 is divided by 22.
14
What is the remainder when 3131128 is divided by 61?
59
Calculate the remainder when 11267 is divided by 7473.
3794
Calculate the remainder when 18690018 is divided by 459.
456
Calculate the remainder when 17577 is divided by 59.
54
Calculate the remainder when 739774 is divided by 7.
0
Calculate the remainder when 27258 is divided by 1297.
21
Calculate the remainder when 30660 is divided by 30517.
143
Calculate the remainder when 10724110 is divided by 1826.
12
Calculate the remainder when 41729 is divided by 10201.
925
What is the remainder when 818197092 is divided by 13?
11
What is the remainder when 711369 is divided by 501?
450
Calculate the remainder when 44826 is divided by 378.
222
What is the remainder when 71055 is divided by 170?
165
What is the remainder when 2493885 is divided by 69269?
201
What is the remainder when 3069098 is divided by 1239?
95
What is the remainder when 1749907628 is divided by 16609?
16606
Calculate the remainder when 173693 is divided by 320.
253
Calculate the remainder when 16688228 is divided by 26.
24
Calculate the remainder when 9415584 is divided by 1727.
1707
What is the remainder when 392020 is divided by 703?
449
Calculate the remainder when 1527994 is divided by 14018.
32
Calculate the remainder when 11878505 is divided by 101.
97
What is the remainder when 779771 is divided by 3377?
3061
What is the remainder when 24095 is divided by 481?
45
Calculate the remainder when 95625 is divided by 94328.
1297
Calculate the remainder when 153017794 is divided by 229.
223
Calculate the remainder when 26834 is divided by 223.
74
What is the remainder when 1012059 is divided by 320?
219
What is the remainder when 508128 is divided by 180?
168
Calculate the remainder when 381161 is divided by 12692.
401
Calculate the remainder when 638173 is divided by 3754.
3747
What is the remainder when 12532766 is divided by 3274?
3168
Calculate the remainder when 2304 is divided by 2211.
93
What is the remainder when 1045973 is divided by 253?
71
Calculate the remainder when 85790 is divided by 6596.
42
What is the remainder when 7846955 is divided by 1307824?
11
What is the remainder when 622688 is divided by 958?
946
What is the remainder when 18806452 is divided by 1142?
1138
Calculate the remainder when 2338954 is divided by 389762.
382
Calculate the remainder when 13430789 is divided by 395.
394
Calculate